46
Let s(g) = -3*g**3 - 5*g**2 - g + 1. Calculate s(-2).
7
Let v(s) = -s**3 - s**2 + 2*s - 87. What is v(0)?
-87
Let v(k) = 7*k**2 + 42*k - 46. Give v(-7).
3
Let k(t) = 4*t + 26. What is k(-7)?
-2
Let f(t) = -t**2 + 3*t + 6. Calculate f(6).
-12
Let y(r) = r**3 - 17*r**2 + 18*r - 29. Give y(16).
3
Let h(w) = -w**3 + 9*w**2 + 24*w - 10. Calculate h(11).
12
Let w(i) = -i**3 - 2*i**2 + 2*i + 2. Give w(-2).
-2
Let t(f) = -f**3 + 7*f**2 - 5*f - 9. Calculate t(6).
-3
Let q(y) = -5*y**2 - 28*y - 12. Determine q(-5).
3
Let r(o) = -o + 24. Calculate r(28).
-4
Let j(b) = 4*b**2 - 34*b. Determine j(10).
60
Let c(j) = -j**3 - 5*j**2 + 4*j + 4. Determine c(-6).
16
Let w(j) = -j + 6. Give w(-4).
10
Let q(u) = u**3 + 6*u**2 - 7*u + 1. Calculate q(-5).
61
Let p(a) = 3*a**3 + 17*a**2 + 11*a + 10. What is p(-5)?
5
Let l(x) = -x**3 - 7*x**2 - 4*x + 3. Calculate l(-4).
-29
Let h(u) = u**3 + 16*u**2 + 11*u + 7. Calculate h(-15).
67
Let i(t) = 10*t - 16. Calculate i(4).
24
Let d(k) = -k**2 + 5*k - 4. Determine d(7).
-18
Let u(g) = -g - 31. Calculate u(-12).
-19
Let o(t) = t**3 - 3*t**2 - 8*t + 4. Determine o(5).
14
Let x(m) = 2*m - 19. Give x(10).
1
Let w(m) = 3*m**2 - 30*m + 3. Give w(10).
3
Let o(v) = -80*v + 320. Give o(4).
0
Let y(h) = -2*h**2 - 16*h + 60. What is y(3)?
-6
Let k(s) = s**2 - s + 4. Determine k(-2).
10
Let b(y) = -2*y - 12. Calculate b(-12).
12
Let s(v) = -2*v**2 + 5*v + 2. What is s(4)?
-10
Let i(l) = -2*l**3 - 8*l**2 + 3*l + 3. Give i(-4).
-9
Let g(v) = v. Determine g(-2).
-2
Let b(c) = c**3 - 10*c**2 - 11*c - 10. What is b(11)?
-10
Let x(h) = -h**3 - h. Determine x(-1).
2
Let t(s) = 2*s**2 - 19*s + 5. Determine t(9).
-4
Let q(d) = -d**3 + 25*d**2 - d + 20. What is q(25)?
-5
Let y(v) = -6*v + 6. What is y(-8)?
54
Let h(g) = -g**3 + 3*g**2 + g + 17. What is h(4)?
5
Let c(f) = -f**3 + 11*f**2 + 11*f. Give c(12).
-12
Let z(m) = -m**3 - 5*m**2 - 3*m + 3. Give z(-5).
18
Let l(f) = -23*f**3 - 3*f**2 - 10*f - 9. Give l(-1).
21
Let j(g) = -g**3 + 10*g**2 - 21*g + 7. Calculate j(7).
7
Let v(h) = h**2 + 10*h + 23. What is v(-8)?
7
Let u(n) = -2*n + 46. Give u(22).
2
Let m(x) = -x**2 - 1. Determine m(2).
-5
Let o(c) = -2*c**2 + 2*c + 6. Give o(3).
-6
Let a(p) = -p**2 + 12*p - 38. Give a(7).
-3
Let j(h) = h**2 - 2*h - 2. Determine j(-5).
33
Let y(x) = 7*x - 19. What is y(-6)?
-61
Let d(g) = -g**3 + 9*g**2 - 32. What is d(0)?
-32
Let c(g) = g**3 - 15*g**2 - 17*g + 20. Determine c(16).
4
Let v(t) = -4*t + 13. Give v(7).
-15
Let n(l) = l**3 + 3*l**2 - l - 5. Calculate n(-3).
-2
Let s(z) = -12*z - 123. Calculate s(-13).
33
Let n(g) = -g**2 + 14*g - 18. Give n(13).
-5
Let r(l) = -l**3 + 14*l**2 - 12*l + 9. Determine r(13).
22
Let x(d) = d**3 + 11*d**2 - d + 2. Calculate x(-11).
13
Let v(n) = n**2 - 21*n - 8. What is v(21)?
-8
Let g(c) = -c**2 - 24*c + 40. What is g(-26)?
-12
Let t(o) = -o**2 + 9*o + 30. Give t(13).
-22
Let m(x) = 14*x**2 - 4*x + 12. Give m(4).
220
Let p(i) = -5*i - 5. Determine p(-7).
30
Let x(a) = 16*a + 1. What is x(9)?
145
Let j(r) = -4*r**2 + 4*r + 2. Give j(2).
-6
Let z(j) = -2*j**3 + 21*j**2 + 8*j + 26. What is z(11)?
-7
Let m(g) = g**3 + 17*g**2 - 14*g + 70. Determine m(-18).
-2
Let j(v) = 4*v + 63. Determine j(-12).
15
Let d(k) = -k**2 - 12*k + 28. Determine d(0).
28
Let r(g) = g**2 + 7*g - 71. Determine r(6).
7
Let z(f) = f**3 - 10*f**2 - 3*f - 12. Give z(11).
76
Let z(k) = -7*k + 11. What is z(3)?
-10
Let q(l) = l**3 + 6*l**2 + 5*l - 12. Calculate q(-5).
-12
Let f(u) = -u**2 - 11*u - 14. Determine f(-10).
-4
Let u(r) = 2*r**2 - 2*r + 3. Calculate u(-3).
27
Let o(j) = -14*j**3 + j**2 + j - 2. Calculate o(1).
-14
Let h(a) = -10*a**2 - 21*a + 22. What is h(1)?
-9
Let y(c) = c**2 + 12*c + 6. Give y(-12).
6
Let f(h) = -2*h**2 - h - 1. What is f(-4)?
-29
Let o(w) = w**2 + 13*w + 8. Determine o(-10).
-22
Let j(v) = v**3 - 6*v**2 + 4*v - 23. What is j(6)?
1
Let i(s) = -s**2 + 6*s + 11. What is i(-3)?
-16
Let l(q) = q**3 + q**2 - 5. Calculate l(0).
-5
Let h(j) = j**2 - 16*j + 20. Calculate h(11).
-35
Let c(n) = 2*n**3 + 14*n**2 + 16*n - 1. Give c(-5).
19
Let m(p) = -p**2 - 26*p - 27. Give m(-21).
78
Let r(c) = c**2 - 2. What is r(2)?
2
Let k(d) = -17*d**2 - 55*d + 55. Determine k(1).
-17
Let s(l) = -2*l**2 - 9*l - 10. Calculate s(-4).
-6
Let y(x) = -17*x**2 - 51*x - 4. Give y(-3).
-4
Let b(x) = 2*x**2 - 2*x + 4. Calculate b(-5).
64
Let l(j) = j**3 + 36*j**2 - 39*j - 64. Determine l(-37).
10
Let w(l) = l**2 - 13*l + 17. Calculate w(4).
-19
Let z(w) = -11*w**2 - 8*w - 4. Calculate z(-2).
-32
Let z(n) = -2*n**2 - 8*n + 17. Calculate z(-5).
7
Let v(t) = t**3 - 3*t**2 - 7. What is v(3)?
-7
Let g(m) = -2*m**3 - 12*m**2 - m - 12. Calculate g(-6).
-6
Let w(r) = r**3 - 8*r**2 + r + 1. Determine w(8).
9
Let l(i) = i + 28. What is l(-13)?
15
Let h(s) = 2*s**2 + 5*s - 1. Calculate h(-4).
11
Let d(r) = 2*r**2 + 35*r - 36. Determine d(-18).
-18
Let v(w) = 34*w + 17. What is v(1)?
51
Let f(a) = a**3 - 13*a**2 - 20*a - 11. What is f(14)?
-95
Let k(f) = -41*f**3 + f - 1. What is k(1)?
-41
Let u(h) = 8*h - 84. What is u(11)?
4
Let f(r) = r - 5. What is f(3)?
-2
Let o(i) = 10*i**2 - 2*i - 3. Calculate o(2).
33
Let b(p) = -p**3 + 13*p**2 - 4*p + 15. Determine b(13).
-37
Let r(y) = y**3 + 10*y**2 - 13*y - 17. Give r(-11).
5
Let m(c) = 2*c**2 - 24*c + 8. Determine m(12).
8
Let g(p) = -p**2 - 16*p - 7. What is g(-15)?
8
Let z(x) = 2*x + 18. Give z(18).
54
Let z(w) = -w**2 - 36*w - 5. Calculate z(-37).
-42
Let n(g) = -g + 5. What is n(-9)?
14
Let f(o) = o**2 - 6*o + 4. What is f(8)?
20
Let c(v) = v**2 - 9*v + 18. Determine c(4).
-2
Let x(d) = 4*d - 19. Give x(10).
21
Let r(y) = -y**3 - 2*y**2 + 3*y + 3. Determine r(-4).
23
Let l(a) = a**3 - 12*a**2 + 10*a + 14. Calculate l(11).
3
Let z(v) = -5*v - 4. Determine z(3).
-19
Let v(q) = 8*q + 26. Calculate v(-8).
-38
Let x(d) = 11*d + 342. What is x(-31)?
1
Let w(p) = -6*p - 104. Determine w(-18).
4
Let g(o) = -o**2 + 2*o + 10. Give g(7).
-25
Let o(t) = -t**3 + 22*t**2 - 20*t - 31. Determine o(21).
-10
Let p(m) = 3*m**3 - 29*m**2 + 18*m - 11. Calculate p(9).
-11
Let m(s) = 224*s - 7. Give m(0).
-7
Let v(s) = -3*s - 16. Determine v(-13).
23
Let m(x) = 12*x**3 + 5*x**2 - 4*x - 1. Determine m(1).
12
Let l(t) = -11*t + 26. What is l(5)?
-29
Let z(d) = -2*d**3 + 3*d**2 - 2*d + 1. What is z(3)?
-32
Let d(s) = -41*s - 30. What is d(-1)?
11
Let x(w) = 2*w**2 - 5*w - 12. What is x(5)?
13
Let u(r) = -16*r**2 + r + 2. Calculate u(-1).
-15
Let p(i) = 6*i - 39. Determine p(7).
3
Let s(l) = l**3 + 15*l**2 - 33*l + 26. Calculate s(-17).
9
Let o(v) = -v**2 + v - 8. Calculate o(7).
-50
Let d(u) = u**3 - 21*u**2 - 71*u - 17. Calculate d(24).
7
Let x(r) = 2*r**3 - 16*r**2 - 22*r + 6. Calculate x(9).
-30
Let x(j) = j**3 + 11*j**2 + 25*j - 9. What is x(-7)?
12
Let g(u) = -u**3 + u**2 + 5*u + 3. Calculate g(3).
0
Let j(f) = -4*f**2 + f - 1. Calculate j(-2).
-19
Let y(h) = -h**3 - 10*h**2 + 14*h + 31. Determine y(-11).
-2
Let d(n) = -n**3 + 27*n**2 + 29*n - 26. Determine d(28).
2
Let q(u) = 16*u + 3. Calculate q(-1).
-13
Let u(h) = 3*h**2 - 4*h - 1. Determine u(3).
14
Let l(j) = j**2 + j. Determine l(5).
30
Let y(f) = -4*f + 16. Give y(-3).
28
Let c(z) = 14*z - 1. What is c(1)?
13
Let x(f) = f**3 - 15*f**2 + 12*f + 30. Give x(14).
2
Let n(y) = 9*y - 117. Give n(13).
0
Let q(x) = x**2 + 4*x + 5. Give q(0).
5
Let p(a) = 9*a**3 + 1. Calculate p(-1).
-8
Let d(u) = -10*u**2 - 10*u + 34. What is d(4)?
-166
Let k(b) = 17*b + 43. Give k(4).
111
Let b(l) = l**2 - 15*l + 54. Calculate b(11).
10
Let b(f) = -f - 12. Determine b(-16).
4
Let c(y) = y**2 - 7*y + 2. Calculate c(6).
-4
Let j(c) = -21*c**3 - c**2 + 1. Give j(1).
-21
Let n(m) = m**3 + 7*m**2 - 11*m - 4. Calculate n(-8).
20
Let h(a) = -6*a**3 - a**2 + 13*a + 13. What is h(-1)?
5
Let w(j) = j**3 - 5*j**2 - 7. Determine w(5).
-7
Let i(g) = -g**2 + 7*g. Determine i(3).
12
Let f(n) = 2*n**3 - 18*n**2 - 16*n - 22. Calculate f(10).
18
Let p(o) = 3*o**3 - 28*o**2 + 2*o + 62. Calculate p(9).
-1
Let l(n) = -n**3 - 2*n**2 + 2*n - 3. Calculate l(0).
-3
Let d(k) = 20*k + 3. Give d(-2).
-37
Let t(f) = f**3 + 15*f**2 + 14*f - 1. Determine t(-14).
-1
Let t(m) = -m**2 - 10*m - 21. Determine t(-8).
-5
Let i(c) = -3*c - 7. Determine i(-2).
-1
Let t(n) = -n**2 + 9*n + 7. Give t(12).
-29
Let s(p) = p - 6. What is 